 + d - 14 = 4*o. Let f(j) = j**2 + 8*j - 1. Let h be f(o). Let t = 32 + h. What is the units digit of t?
9
What is the tens digit of 781694/277 + (1 + -7 - 1)?
1
Suppose 3*r - 93 = -18. Suppose -r*d = -27*d + 12. What is the units digit of (40/d)/(8/48)?
0
What is the units digit of 16/376 + (-4514534)/(-94)?
7
Let q be -3 + 5/(-20)*0. What is the tens digit of (-243)/(q/((-9)/(-3) - -1))?
2
Let w(n) = -14*n + 35. Let c be w(2). Suppose c*l - 17*l + 2380 = 0. What is the hundreds digit of l?
2
Let r(l) = 13*l + 69. Let m be r(-5). Suppose -2*f + 505 = 3*i, -4*i + 674 = m*f - 2*f. What is the tens digit of i?
6
Let j(q) = q**2 - 10*q + 5. Let w be j(10). Suppose 46 = w*i + 6. Suppose -i*y + 7*y + 25 = 0. What is the tens digit of y?
2
Let u(s) be the second derivative of -3*s**5/5 - s**4/3 - s**3 - 5*s**2/2 - 37*s. Let x be u(-3). Let o = x + -102. What is the units digit of o?
9
Let o(y) = y**3 + 28*y**2 + 147*y - 97. What is the hundreds digit of o(30)?
5
Suppose -3*m - 4*o = 2*m - 238, -o = m - 47. What is the tens digit of (m/10)/(4/512)?
4
Let i(a) = -a**3 + 19*a**2 - 17. Let j be i(19). Let u = -8 - j. Suppose -4*b - 10 = -u*b. What is the units digit of b?
2
Suppose -628666 + 63796 = -38*q. What is the thousands digit of q?
4
Let l = 611 - 615. What is the hundreds digit of 1 - (-628 + ((-16)/l - 1))?
6
Let f = 1620 + -1619. Let j(z) = 1 + 63*z + 47*z + 1. What is the hundreds digit of j(f)?
1
Suppose 3*m = -2*y + 46692, 3*m + 58914 = 4*y - 34398. What is the ten thousands digit of y?
2
Suppose -155424 = 15*w - 63*w. What is the units digit of w?
8
Let s(v) = 4*v + 30. Let z be s(11). Suppose 289 = n - q, -z = 3*n + 5*q - 941. Suppose -2*t + n = 3*d, -4*d - 20 = -0*d. What is the units digit of t?
2
Let s = -134 + 120. Let o(a) = -a**2 - 34*a - 14. What is the hundreds digit of o(s)?
2
What is the tens digit of (-6)/(-4)*((-418903)/93)/((-1)/2)?
1
What is the units digit of (20/(-25))/(18066/(-4515) + 4)?
2
Suppose -2*u + 3*u - 20 = 5*x, 0 = x - 2*u + 4. Let n be 10*(0 + (x/8 - -1)). Let v(h) = 2*h**2 + 5*h - 21. What is the units digit of v(n)?
4
Suppose -33*i - 59296 = i. Let j = i - -2704. What is the units digit of j?
0
Let v(u) = -u**3 - 10*u**2 + 2*u - 28. Suppose g + 35 = -3*q, 3*q = -0*g - 2*g - 34. What is the tens digit of v(q)?
3
Suppose 2*t + 2*f - 798 = 0, -3*t + 1458 = f + 255. Suppose 0 = -y + h + t, 2*y - 1608 = -2*y + 3*h. What is the units digit of y?
2
Let x(i) = 3*i**3 - 2*i**2 - 2*i + 2. Let k be x(2). Suppose -q - j = -0*j - 109, -4*j = -3*q + 299. Let o = q - k. What is the tens digit of o?
9
Let b(z) = -2*z**2 + 4*z + 90. Let p(s) = -s**2 - 14*s - 24. Suppose 2*f + 5*o = -44, -2*o - 35 = 2*f - 3. Let c be p(f). What is the units digit of b(c)?
0
Suppose k = 10*k - 1539. Let t(p) = -k*p**2 - 1 - p + 171*p**2 - 227*p**3. What is the tens digit of t(-1)?
2
Let k be ((-12)/(-8))/((15/(-138))/5). Let d be (-316)/12 - 1/(-3). Let s = d - k. What is the units digit of s?
3
Suppose 1596*s - 1597*s = -1535. What is the hundreds digit of s?
5
What is the tens digit of (40/(-24) + -7)*(-365 + -1)?
7
Let y = -162 + 157. Let w(k) = -2*k**3 + 2*k**2 - 2*k + 24. What is the units digit of w(y)?
4
Suppose 827109 = 16*x - 4*x + 17*x. What is the hundreds digit of x?
5
Let y = -86857 - -136159. What is the units digit of y?
2
Suppose 165*h - 10 = 163*h. Suppose -3*q = -3*u + 348, q + 575 = 5*u - 3*q. Let l = h + u. What is the units digit of l?
6
Suppose -l + 4*b = -166, 3*b = 2*l - 2*b - 326. Suppose -40089*i + 40095*i = 12. What is the units digit of (l - i)/1 + 0/1?
6
Let j be ((-2)/(-5))/(14/70). Let l be 25/10*-139*(j - 4). Suppose 2*k - 7*k + l = 0. What is the units digit of k?
9
Let q be (-6)/(-4) + (-2607)/(-6). Suppose q = -52*i + 56*i. What is the tens digit of i?
0
Let w = -58891 + 91730. What is the ten thousands digit of w?
3
Let h(p) = 4*p - 15 - 5*p + 3 - 1. Let k be h(-17). Suppose -5*z = k*d - 844 + 259, 0 = -5*z + d + 610. What is the units digit of z?
1
Let b = -100 + -77. Let g = 105 - b. What is the tens digit of g?
8
Let w(o) = 9556*o - 6702. What is the tens digit of w(5)?
7
Suppose -10 + 1 = 5*z + n, 0 = -4*z + 2*n + 4. Let j = 12 + z. Let b = 93 + j. What is the units digit of b?
4
Let m = -39 - -46. Suppose 24 = m*i - 6*i. Let t = i + -4. What is the units digit of t?
0
Let l(i) = -i**2 + 17*i - 24. Let t be l(9). Let a(w) = 33*w - 3. Let z be a(2). Suppose t = -59*c + z*c. What is the units digit of c?
2
Let z(a) = -85*a + 3842. What is the thousands digit of z(10)?
2
What is the units digit of (63872/(-40))/((-32)/80)?
2
Suppose 3*y + 7 = -0*y + 5*n, -31 = -y - 5*n. What is the hundreds digit of (3/y)/((-2)/(-5516))?
3
Let u be 39 + 1 + -12 + 5. Suppose 7*f = -u*f + 7640. What is the tens digit of f?
9
Suppose -3*f + 610 + 35723 = 3*s, 4*s - 36332 = -3*f. What is the tens digit of f?
1
Suppose -65674 = -11*n + 8158. What is the units digit of n?
2
Let w(x) = -x**2 - 8*x - 4. Let q be w(-6). Let l(d) = d**3 - 6*d**2 - d. Let p be l(6). What is the units digit of (-2)/(-8) - p/q?
1
Suppose 11952 = 2*s + 2*t, 9*s - 5*s - 2*t - 23916 = 0. Suppose 4662 = 20*p - s. What is the hundreds digit of p?
5
Let c = 981 + 6966. What is the hundreds digit of c?
9
What is the thousands digit of (-2 - 3)*5/(-10)*958?
2
Suppose -3*t = 5*z - t - 504, 0 = -3*z + 2*t + 312. Suppose 10*n = 7*n + z. Let k = n + 47. What is the units digit of k?
1
Let d = -9730 + 21708. What is the tens digit of d?
7
Let o(s) = -s + 35. Let q be o(-17). Suppose -q = -3*d + 2*h + 149, 4*d - 268 = -5*h. What is the units digit of d?
7
Let a(z) = 11 + 12 - 15 + 46*z + 28. What is the units digit of a(8)?
4
What is the thousands digit of 43/((-129)/(-25056)) - -11?
8
Suppose 0 = 7*l - 8*l + 21. Suppose 0 = -20*f + l*f - 19. What is the units digit of f?
9
Let b(a) = -a + 19. Let q be ((-150)/12*24/(-15))/2. Let k be b(q). What is the units digit of (k/4)/(9/(-48)*-1)?
2
What is the ten thousands digit of 28 + (-274227)/(-19) + (-9)/(-1)?
1
Suppose -3*j + 3*r + 545 + 268 = 0, -5*j + r = -1339. Let p = -220 + j. What is the units digit of p?
7
Let n be (-33)/22*(-1150)/(-3). Let q = 1028 + n. What is the hundreds digit of q?
4
Suppose 10*v = 5*v + 1560. Suppose -19*r + 21*r - v = 0. Suppose 2*u + 4*x = 4*u - r, -3*u + 244 = -4*x. What is the units digit of u?
8
Let v(h) = h**3 - 2*h**2 - 9*h - 3. Let f be v(12). Let j = -870 + f. What is the units digit of j?
9
Suppose -5*f - 2 - 18 = 0, 0 = 3*p + 3*f - 25353. What is the units digit of p?
5
Let t = 206 - 155. Suppose t*s = 46*s + 245. What is the tens digit of s?
4
Let y(v) = -v**3 - 10*v**2 - 12. Let o(u) = u**3 - 4*u**2 - 8*u + 5. Let i be o(5). Let m be y(i). What is the units digit of 11/3*(39 - m/(-4))?
2
Let x = 648 + -630. What is the tens digit of (959/56)/(x/16 + -1)?
3
Suppose -7*t - x + 117181 = 0, 43*x = -5*t + 44*x + 83699. What is the hundreds digit of t?
7
Suppose -14*h + 4 = -13*h. Suppose -5*v = -4*j - 1726, 0*j = -4*v + h*j + 1384. What is the tens digit of v?
4
Let j be (-9 + -11)*(-8)/5. Suppose 0 = 3*r + 13 + j. What is the tens digit of (-801)/r + (13/5 - 2)?
5
Suppose -5415 - 39154 = -10*b + 18171. What is the thousands digit of b?
6
Suppose -2*v + n + 10 - 16 = 0, 0 = -v + n - 3. What is the hundreds digit of 1/v - 139468/(-102)?
3
Let v = -173 - -179. What is the units digit of -29*(v/9)/((-2)/33)?
9
Suppose 0 = -59*c + 51*c + 11800. Suppose c = 3*p - 538. What is the tens digit of p?
7
Let v = -75 - -42. Let s = -19 - v. Suppose -s = -h + 10. What is the units digit of h?
4
Suppose -c - 353 - 644 = 0. Let u = c + 1922. What is the tens digit of u?
2
Let n(y) = -y + 10. Let k be n(6). Suppose -3*w + 3*u = -24, -2*u + k = 2*w + 2*u. What is the units digit of (2/3 + 506/w)*1?
5
Let z = -16756 + 24936. What is the hundreds digit of z?
1
Let n = -168 - -174. What is the hundreds digit of n/(-16) + 22885/184?
1
Let v = -13 - -18. Suppose -2*l - 4*a = -12, -4*l - v*a = -15 - 6. Suppose 430 + l = 5*b + 2*x, 0 = 5*b + x - 437. What is the tens digit of b?
8
Let b(l) = -8*l + 165. Let n be b(16). Suppose -n*p = 177 - 1324. What is the units digit of p?
1
Let x(i) = -i**3 + 6*i**2 + 7*i + 8. Let r be x(-5). Suppose -r = 4*k - 276. Suppose -5*t + 5*w = -k*t + 185, -4*w = 5*t - 45